 base 11.
-6
What is 21 (base 11) in base 14?
19
What is 1 (base 5) in base 4?
1
What is -64 (base 8) in base 2?
-110100
Convert -c (base 13) to base 8.
-14
What is 4 (base 12) in base 2?
100
-163 (base 9) to base 8
-212
What is -2 (base 9) in base 14?
-2
-29 (base 11) to base 9
-34
-8 (base 13) to base 10
-8
Convert 13 (base 4) to base 14.
7
What is 38 (base 16) in base 10?
56
What is 121 (base 3) in base 10?
16
-118 (base 14) to base 13
-13a
Convert -6 (base 8) to base 2.
-110
What is -3e (base 15) in base 12?
-4b
What is -1303 (base 5) in base 8?
-313
-29 (base 13) to base 7
-50
-29 (base 12) to base 14
-25
What is -86 (base 13) in base 11?
-a0
What is 14 (base 6) in base 4?
22
Convert -1 (base 14) to base 13.
-1
Convert -217 (base 10) to base 3.
-22001
What is -20 (base 5) in base 16?
-a
12 (base 5) to base 2
111
Convert 645 (base 7) to base 15.
16c
Convert -5a (base 14) to base 10.
-80
What is 11 (base 9) in base 15?
a
What is 14 (base 9) in base 2?
1101
What is 29 (base 10) in base 16?
1d
What is 24 (base 5) in base 12?
12
What is -99 (base 10) in base 6?
-243
Convert -13 (base 16) to base 8.
-23
2 (base 16) to base 6
2
4 (base 12) to base 11
4
What is 110100 (base 2) in base 16?
34
-7 (base 11) to base 14
-7
f (base 16) to base 4
33
Convert -1 (base 13) to base 8.
-1
What is -43 (base 12) in base 2?
-110011
Convert -4 (base 16) to base 5.
-4
Convert -9 (base 14) to base 5.
-14
What is 10 (base 6) in base 2?
110
Convert 288 (base 10) to base 9.
350
What is -151 (base 11) in base 13?
-108
17 (base 16) to base 2
10111
What is -3 (base 7) in base 10?
-3
Convert -10010 (base 2) to base 7.
-24
What is 61 (base 12) in base 9?
81
1 (base 15) to base 11
1
What is 11 (base 10) in base 7?
14
What is -6 (base 9) in base 11?
-6
34 (base 9) to base 15
21
Convert 10a (base 13) to base 3.
20122
Convert 1 (base 16) to base 3.
1
What is 2 (base 10) in base 11?
2
Convert -61 (base 12) to base 2.
-1001001
What is 36 (base 13) in base 15?
30
What is 57 (base 12) in base 6?
151
Convert -12 (base 15) to base 12.
-15
-11222 (base 3) to base 16
-86
-8 (base 9) to base 8
-10
-60 (base 7) to base 2
-101010
What is 122 (base 10) in base 4?
1322
Convert 117 (base 15) to base 10.
247
What is -3 (base 4) in base 2?
-11
What is 53 (base 10) in base 3?
1222
What is -44 (base 5) in base 10?
-24
-11 (base 2) to base 6
-3
What is -1 (base 3) in base 8?
-1
6 (base 16) to base 12
6
What is c (base 14) in base 16?
c
-302 (base 4) to base 5
-200
-d (base 16) to base 9
-14
What is -4 (base 11) in base 15?
-4
Convert -11110 (base 2) to base 13.
-24
Convert -4 (base 11) to base 5.
-4
10100 (base 3) to base 6
230
6 (base 15) to base 7
6
2 (base 14) to base 6
2
What is 4 (base 6) in base 11?
4
Convert 3 (base 8) to base 9.
3
31 (base 15) to base 5
141
Convert -30 (base 14) to base 15.
-2c
Convert 111 (base 5) to base 4.
133
What is -12 (base 5) in base 14?
-7
Convert -28 (base 13) to base 6.
-54
-8 (base 15) to base 11
-8
What is -10 (base 4) in base 6?
-4
What is -30 (base 12) in base 6?
-100
What is -ed (base 15) in base 8?
-337
60 (base 11) to base 4
1002
What is -23 (base 7) in base 2?
-10001
3 (base 6) to base 5
3
-1 (base 13) to base 8
-1
be (base 15) to base 3
20122
Convert 2 (base 8) to base 3.
2
7 (base 10) to base 12
7
What is -10 (base 2) in base 15?
-2
What is -10 (base 3) in base 16?
-3
Convert -210 (base 5) to base 3.
-2001
10 (base 2) to base 3
2
Convert 32 (base 16) to base 13.
3b
What is -1201 (base 3) in base 15?
-31
Convert 23 (base 9) to base 10.
21
What is -21 (base 5) in base 16?
-b
Convert -67 (base 9) to base 12.
-51
1140 (base 6) to base 7
543
What is 132 (base 4) in base 12?
26
Convert 1 (base 3) to base 13.
1
-60 (base 13) to base 14
-58
What is 31 (base 6) in base 12?
17
8 (base 12) to base 6
12
What is -8 (base 16) in base 6?
-12
What is 6 (base 7) in base 12?
6
Convert -15 (base 14) to base 12.
-17
-15 (base 6) to base 12
-b
-245 (base 6) to base 3
-10202
-1 (base 16) to base 7
-1
Convert 50 (base 6) to base 16.
1e
2130 (base 5) to base 13
194
What is -3 (base 5) in base 10?
-3
67 (base 11) to base 3
2201
What is -10 (base 3) in base 5?
-3
What is 210 (base 5) in base 3?
2001
What is 26 (base 15) in base 6?
100
What is d (base 14) in base 5?
23
Convert 0 (base 3) to base 8.
0
What is 7 (base 13) in base 16?
7
-228 (base 10) to base 3
-22110
What is 33 (base 12) in base 7?
54
What is 41 (base 11) in base 14?
33
-1 (base 15) to base 14
-1
What is -11 (base 6) in base 2?
-111
What is -3 (base 14) in base 10?
-3
What is -4 (base 9) in base 10?
-4
Convert -2 (base 11) to base 3.
-2
What is 1 (base 5) in base 11?
1
72 (base 16) to base 11
a4
Convert 1 (base 5) to base 15.
1
What is -94 (base 12) in base 13?
-88
Convert 7 (base 12) to base 8.
7
Convert 155 (base 9) to base 3.
11212
Convert -2 (base 14) to base 15.
-2
What is -10 (base 5) in base 10?
-5
-36 (base 16) to base 15
-39
What is -3 (base 10) in base 3?
-10
Convert 103 (base 4) to base 15.
14
Convert -1 (base 2) to base 4.
-1
What is 1 (base 8) in base 11?
1
Convert -4 (base 10) to base 16.
-4
What is 21 (base 8) in base 12?
15
Convert -20 (base 10) to base 11.
-19
-124 (base 5) to base 10
-39
-31 (base 7) to base 3
-211
What is -c (base 14) in base 7?
-15
-15 (base 7) to base 14
-c
14 (base 14) to base 13
15
0 (base 4) to base 10
0
Convert 11 (base 3) to base 7.
4
-29 (base 13) to base 15
-25
What is -1000001 (base 2) in base 10?
-65
What is -76 (base 9) in base 13?
-54
1 (base 2) to base 16
1
What is 8 (base 16) in base 7?
11
What is 13 (base 12) in base 8?
17
Convert 5 (base 14) to base 11.
5
Convert -10 (base 15) to base 8.
-17
Convert 10 (base 8) to base 12.
8
Convert -4 (base 6) to base 13.
-4
Convert 3 (base 10) to base 6.
3
20 (base 3) to base 13
6
Convert -4 (base 15) to base 9.
-4
What is -113 (base 4) in base 7?
-32
Convert -2120 (base 3) to base 8.
-105
Convert 130 (base 4) to base 6.
44
7 (base 11) to base 12
7
What is -2 (base 8) in base 6?
-2
331 (base 7) to base 13
100
What is -66 (base 12) in base 4?
-1032
What is 21 (base 13) in base 15?
1c
Convert 21 (base 9) to base 12.
17
Convert -20 (base 4) to base 10.
-8
12 (base 15) to base 7
23
15 (base 7) to base 6
20
What is -55 (base 12) in base 16?
-41
Convert -2 (base 5) to base 14.
-2
Convert -10101101 (base 2) to base 6.
-445
2 (base 7) to base 14
2
What is 6 (base 10) in base 7?
6
Convert 114 (base 5) to base 8.
42
What is -b5 (base 16) in base 8?
-265
Convert 9 (base 12) to base 4.
21
What is 0 (base 15) in base 13?
0
What is -44 (base 15) in base 16?
-40
What is -15 (base 16) in base 13?
-18
What is -14 (base 7) in base 9?
-12
What is 271 (base 11) in base 7?
635
What is -25 (base 8) in base 13?
-18
Convert -11 (base 9) to base 7.
-13
Convert -1404 (base 5) to base 8.
-345
What is -1 (base 11) in base 7?
-1
1 (base 7) to base 9
1
What is -31 (base 4) in base 6?
-21
What is 1010 (base 3) in base 14?
22
444 (base 5) to base 3
11121
-17 (base 9) to base 13
-13
What is 7 (base 11) in base 5?
12
166 (base 9) to base 11
119
-33 (base 4) to base 14
-11
What is -312 (base 5) in base 14?
-5c
Convert 118 (base 12) to base 10.
164
Convert 2 (base 14) to base 6.
2
10 (base 7) to base 14
7
What is -36 (base 12) in base 10?
-42
23 (base 11) to base 6
41
Convert -6 (base 14) to base 6.
-10
What is -20022 (base 3) in base 12?
-122
What is -2 (base 13) in base 15?
-2
35 (base 14) to base 3
1202
Convert 225 (base 8) to base 13.
b6
-9 (base 14) to base 9
-10
What is -12 (base 4) in base 13?
-6
What is 5 (base 10) in base 9?
5
What is -5 (base 14) in base 9?
-5
Convert 5b (base 14) to base 8.
121
Convert 11 (base 7) to base 13.
8
What is -8 (base 14) in base 4?
-20
What is 2 (base 15) in base 10?
2
-2 (base 5) to base 14
-2
What is 340 (base 9) in base 3?
101100
What is -110000 (base 3) in base 4?
-11010
What is 3 (base 6) in base 7?
3
-21 (base 13) to base 2
-11011
2a (base 15) to base 7
55
What is -11011 (base 2) in base 9?
-30
Convert -5 (base 11) to base 5.
-10
-51 (base 6) to base 3
-1011
What is -1302 (base 4) in base 3?
-11020
Convert 7 (base 13) to base 7.
10
-141 (base 12) to base 4
-3001
What is -110010 (base 2) in base 4?
-302
Convert 212 (base 3) to base 7.
32
What is 0 (base 12) in base 3?
0
Convert -334 (base 5) to base 8.
-136
Wha